4*h**2 - 4*h. Let i be y(c). Suppose 0 = -s + i*s. Let b(p) = -p**3 - p**2 - p + 2. What is b(s)?
2
Let g(p) = 184 + 182 - p - 368. What is g(9)?
-11
Let u(z) = z + 4. Suppose 4*v + 44 = 3*o, 4*o + v = 5*o - 15. Suppose -3*y - o - 5 = 0. Let s = y + 1. Determine u(s).
-2
Suppose 0 = -4*g - 0*g - 16. Let y(u) = -u**2 - u. Let r(a) = 3*a**2 + 8*a - 5. Let n(j) = g*y(j) - r(j). Suppose w + 16 = 5*w. Calculate n(w).
5
Let a(f) = f**2 + 4*f - 2. Let s(b) = b**3 + b**2 - b - 2. Let w be s(-2). Let p be 0 - 0/((-12)/(-3)). Let m be p*3/9 + w. Determine a(m).
-2
Let n(u) = -18*u - 2 - 2*u**2 + 14*u + u**2. Let t(g) = g**3. Let f(b) = -3*b**3 - 4*b**2 + 6*b. Let z(j) = f(j) + 2*t(j). Let h be z(-5). Calculate n(h).
-7
Suppose 2*l = -3*y + 8 + 8, 3*l - 4*y = -10. Let q be (-12)/(-5) + l/(-5). Let b(p) = 1 + p**3 - 2*p - 3*p**q - p**2 - 4*p. Calculate b(5).
-4
Suppose 0 = -p - 0*p. Let q be p/(2/2 - 2). Let x(a) = 3 - a**2 + a - 6*a + q*a. What is x(-3)?
9
Let s(g) = -3*g - 8. Let b(r) = 2*r + 4. Let v(q) = -5*b(q) - 3*s(q). What is v(5)?
-1
Let n(h) be the first derivative of -2/3*h**3 + 0*h - h**2 + 1/60*h**5 + 0*h**4 + 2. Let x(t) be the second derivative of n(t). What is x(-3)?
5
Let i(b) = -b**3 - b**2 - b - 1. Let k = 4 + -5. Let z(r) = -2*r**3 - 9*r**2 + 3. Let v(l) = k*z(l) + 3*i(l). Let q be (-7)/(-21) - 14/(-3). Determine v(q).
4
Suppose 27 - 2 = 5*d. Let s(m) = -m**2 + 6*m + 3. Give s(d).
8
Let o(b) = b**2 - 8*b + 7. Suppose -2*u - 1 + 11 = 0. Give o(u).
-8
Let h = 10 - 18. Let s = -2 - h. Let k(f) = s*f - 1 + 8*f - 7*f. Give k(1).
6
Suppose 5*s + 0*v = 4*v - 18, -4*v = 3*s + 30. Let y be (4/(-3))/(-2)*s. Let f(u) = 1 + 6*u + 6 - 1 + u**2. Calculate f(y).
-2
Suppose 0 = 2*m - 4 + 2. Let y(c) = -5 - 4*c**2 + c**3 - 5*c - m + c. Suppose 5 = -3*b - 3*n + 7*n, n = 4*b - 15. Give y(b).
-1
Suppose -3*o = -o. Suppose o = -4*z + 2*z + 8. Let w = z - 8. Let s(a) = a**2 + 4*a + 2. Calculate s(w).
2
Let o(t) = 2 - 4 - 6 - 1 - 6*t. Let b(q) = 6*q + 10. Let f(l) = 6*b(l) + 7*o(l). Determine f(-2).
9
Let w(l) = l**2 - 6*l + 5. Let t be w(5). Suppose j - 5*n = -18, t = 3*j - 4*n - 1 + 22. Let r(f) = f**3 + 2*f**2 + 4. Give r(j).
-5
Let l(f) = -13*f. Let d = 30 - 42. Let z be d/(-8)*2/(-3). What is l(z)?
13
Let g(k) = 3*k - 10. Let j be g(4). Let d(z) = 3 + 3*z + z**2 - 2*z - j. Give d(3).
13
Let g(k) = 15*k + 13*k - 1 - 30*k + 3*k**2. What is g(-1)?
4
Let k be (3 + (-9)/6)*2. Let r = 36 - 22. Let d(w) = -14 + w + r - 6*w**k. Give d(1).
-5
Let o(h) = 14*h**2 - 17*h. Let k(y) = 5*y**2 - 6*y. Let v(a) = a**3 - 1. Let b be v(1). Suppose b*s + s = 4. Let p(i) = s*o(i) - 11*k(i). Calculate p(4).
8
Let b = -6 - -12. Let v(h) = h**2 - 7*h + 4. Let j(k) = -2*k**2 + 14*k - 8. Let l(d) = -6*j(d) - 13*v(d). Determine l(b).
2
Let z be (-14)/(-12) - (-6)/(-36). Let x(l) = -10*l + 1. Give x(z).
-9
Suppose -3*l + 54 = 3*i, 8 = -4*l - 0. Let h be ((-2)/(-5))/((-2)/i). Let z(d) = d + 2. Give z(h).
-2
Let z(p) = -2*p**3 + 17*p**2 - 3*p + 5. Let s(o) = 3*o**3 - 26*o**2 + 5*o - 7. Let r(m) = 5*s(m) + 8*z(m). What is r(6)?
11
Let o = 7 - 5. Let r be 2/(-1) - -3 - -1. Let j(s) = -s + 2*s**r + 2*s - s**3 - 5*s + 5*s. Give j(o).
2
Let a(q) = -q**3 + 6*q**2 - 3*q - 2. Let d be a(5). Let l be ((-9)/(-4))/((-15)/(-40)). Let c = d - l. Let t(w) = 5*w - 2. Give t(c).
8
Let s(g) = g + 1. Let b be s(-7). Let y(m) be the third derivative of m**6/120 + 7*m**5/60 + 7*m**4/24 + 3*m**3/2 - m**2 - 4*m. Calculate y(b).
3
Let t = 115 + -110. Suppose 2*k + 7 = 7*k + 4*y, -2 = -4*k - 5*y. Let c(n) = -1 - k - n + 5. Calculate c(t).
-4
Let u(t) = t**3 - 7*t**2 + 8*t - 9. Suppose 30 = 5*k - 0*k. Give u(k).
3
Suppose 16*v = 23*v + 7. Let b(l) = 7*l**3 + l**2. Give b(v).
-6
Let y(n) = -3*n + 1. Let b(u) = -4*u**2 + u. Let k be b(-2). Let j(g) = 13*g - 5. Let x = -17 + 13. Let v(p) = k*y(p) + x*j(p). Give v(-5).
-8
Let q = 1 - 5. Let g(w) = w**3 + 3*w**2 - 7*w - 5. What is g(q)?
7
Let f(r) = -r**2 - 5 + 4 - 3*r**3 + 3*r**2. Suppose -2*u + 0*u + 10 = 0. Suppose 2*j = -3*j + u. What is f(j)?
-2
Let l(i) = i**2 + 10*i + 10. Let p(k) = 2*k**2 + 11*k + 10. Let x(j) = -3*l(j) + 2*p(j). What is x(9)?
-1
Let y = 84 - 80. Let v(d) = 0 + 3*d - 8*d + d**2 - 2. Give v(y).
-6
Let n(b) = b**3 + 5*b**2 + 6. Suppose v + 8 = 2*l - 3*l, 5*l + 22 = v. Calculate n(l).
6
Let h(b) be the first derivative of -7*b**2 + 2. Let q = -132 - -133. Give h(q).
-14
Let y(w) = -w**2 - 5*w + 3. Suppose 4*f = 12, -4*o + 0 = 3*f - 1. Let s be (-4)/1 + o - -2. What is y(s)?
7
Let i(r) = r**3 - 3*r**2 - 4*r + 2. Suppose -5*x + 24 = 4. Let s be i(x). Let b(h) = h**3 - h**2 + 2. Determine b(s).
6
Let u(v) be the first derivative of 1 - 2/3*v**3 + v**4 + 1/2*v**2 + 0*v. Let t(s) = -s**2 - 4*s + 1. Let w be t(-4). What is u(w)?
3
Let n be -1 - (7/(-28) + 25/4). Let l(w) = -2*w - 8. Calculate l(n).
6
Let h(m) = 23*m - 5. Let i(x) = 8*x - 2. Let b be 1/2 + 21/2. Let v(a) = b*i(a) - 4*h(a). Determine v(2).
-10
Let d(i) = i - 2*i + i - 5 - i. What is d(-5)?
0
Let c(n) = -n**3 + 5*n**2 - n + 4. Let s be c(5). Let z(j) = 10*j**2 - 1. Determine z(s).
9
Let h(l) = -5*l + 5. Let u(d) = 9*d - 11. Let f(w) = -7*h(w) - 4*u(w). What is f(11)?
-2
Let k(o) = 3*o + 1 + 0*o - 4*o. Let a(f) = -5. Let d(i) = a(i) + 4*k(i). What is d(-1)?
3
Suppose -2 = y - 2*y. Let a(p) = 5*p + y - 5*p - 4*p. Give a(2).
-6
Suppose 2*y + q = 4*y + 32, -26 = y - 3*q. Let g(i) = i**3 + 15*i**2 + 14*i - 4. Determine g(y).
-4
Let i(p) be the first derivative of -p**3/3 - 7*p**2/2 + 10*p - 15. What is i(-8)?
2
Suppose -15 = -k - 5. Suppose 3*u = u + k. Let i(j) = -j**3 + 6*j**2 - 3*j - 4. Determine i(u).
6
Let y = -5 - -7. Suppose y*j - 3 - 3 = 0. Let s(r) = 0*r**2 - 2 + j*r + 4*r**2 - 3*r**2. Calculate s(-5).
8
Let w(h) = 2*h. Let u be (-2)/3 - (-20)/(-15). Determine w(u).
-4
Let g(b) = b**3 - 7*b**2 + 2*b + 3. Let u be g(6). Let j be -12*(-2 - u/9). Let s(x) = -x - 1. Give s(j).
3
Suppose -4*o + 2*z + 6 = 0, 0*o + 28 = 2*o + 4*z. Let l(s) = 2 + 3*s**2 + 2*s**3 - 3*s**3 + 2*s - 1 - o*s**2. Calculate l(2).
-7
Let f = 8 + -5. Let g(s) = 2*s**2 - 3*s**f - 3*s**2 + 4*s**3 + 3*s**3 + 1. What is g(-1)?
-4
Let z = 36 + -31. Let f(j) = -j**2 + 6*j + 2. Determine f(z).
7
Let a(k) = -19*k**3 - 1. Let i be a(-1). Let p be (-1)/6 - 15/i. Let w = -1 + p. Let z(d) = -2*d**3 - 4*d**2 - 2*d. What is z(w)?
4
Let l(d) = d**3 + 7*d**2 + 6*d + 3. Let v be l(-6). Suppose -2*f = -3*z + 4, 0*f = v*z + 5*f - 11. Let m(y) = -6*y + 6*y - y. What is m(z)?
-2
Let x(m) = -32*m**2 - 17*m + 20. Let u(w) = 11*w**2 + 6*w - 7. Let d(b) = 17*u(b) + 6*x(b). Give d(-1).
-4
Let q = 19 + -17. Let k(y) = -5*y - 1. Give k(q).
-11
Let t(l) = -9*l**3 + l**2 + l + 1. Let y = -10 - -9. Give t(y).
10
Suppose -3 = -0*y + 3*y. Let c = y - -1. Let o(v) = -v**3 + 25*v**2 - 7 - 14*v**2 - 10*v**2. What is o(c)?
-7
Let i(c) = -2*c**2 - 12*c - 10. Let r be i(-5). Let b(o) = o + 9. Determine b(r).
9
Let c(s) be the third derivative of -1/4*s**4 + 1/2*s**3 + 8*s**2 + 0 + 1/60*s**5 + 0*s. Calculate c(4).
-5
Let a(g) be the third derivative of g**6/20 - g**5/60 - g**4/24 + g**2. Let j be -3 + 15/(9/3). Suppose 2*d = -2, -j*o - 3*d = o + 6. Calculate a(o).
-6
Let p(z) = -2*z**2 - 11. Let w = 11 + -9. Let i(f) = f**w + 7 - 10*f - 4*f + 14*f. Let b(g) = -8*i(g) - 5*p(g). Determine b(-2).
7
Let n = 65 - 74. Let l(j) = j - 2. Calculate l(n).
-11
Let a(h) = h**3 + 3*h**2 + 2. Let g(u) = u**2 - 9*u - 3. Let i be g(9). Let v be a(i). Let q(j) = -5*j**v + 4*j**2 - 3 - 4 + 3. Give q(0).
-4
Let b(u) = u**2 + u - 5. Let c(v) = v**2 + 6*v - 1 - 8*v - 2*v**2. Let x = 0 - 1. Let n be c(x). What is b(n)?
-5
Let d(y) = -2*y**2 + 21*y - 4. Let w be d(10). Let v(r) = 2*r - 6. What is v(w)?
6
Let h(t) = -4*t**2 + 2*t + 1. Let s = -1 - -3. Calculate h(s).
-11
Let s(m) = -m**3 + m**2 - m. Let f(c) = -3*c**3 + 10*c**2 - 2*c + 7. Let j = 3 - 2. Let t(g) = j*f(g) - 4*s(g). What is t(-6)?
-5
Suppose -2*j + 4 = 2, -v = -2*j + 8. Let r be (-26)/(-3) + (-2)/v. Let k be (15/r)/((-4)/12). Let u(c) = c**2 + 6*c + 4. What is u(k)?
-1
Let w(x) = x**2 + 5*x - 2. Suppose -4*k + 3*i = -3 + 18, i - 21 = 4*k. What is w(k)?
4
Let q(g) be the third derivative of g**5/60 - 7*g**4/24 + g**3/3 - g**2. Suppose t = -3, -b = b - 5*t - 25. Give q(b).
-8
Let w(k) = 3 + 5*k - k + k + k. 